 divided by 3 + k + 5 - 1?
2
Suppose 2*i - 283 - 5 = -3*m, -m + 2*i + 96 = 0. What is the remainder when m is divided by 26?
18
Let b = 1122 + -1109. Calculate the remainder when b is divided by 9/15 - (-37)/5.
5
Suppose -9*o = 27*o - 9864. Calculate the remainder when o is divided by 49.
29
Calculate the remainder when 1561 is divided by (148 - (-8 - -14))*(5 - 4).
141
Let o be (130/6)/((-4)/48). Let d = o + 437. What is the remainder when d is divided by 36?
33
What is the remainder when 267/1 - (-6 + -4 + 5) is divided by 20?
12
Suppose 17*y - 248 = -4*p + 20*y, 3*y = 3*p - 183. What is the remainder when 402 is divided by p?
12
Suppose -t = -2*s + 6*s - 116, -2*t = -2*s + 48. Let n = -1083 + 1095. What is the remainder when s is divided by n?
4
Let b = 123 + -119. What is the remainder when 13 is divided by b?
1
Let p(j) = -5*j - 11 + 5 - 6 + j. Let l(r) = 3*r**2 - 6*r + 1. What is the remainder when l(5) is divided by p(-9)?
22
Suppose b - 5*x - 34 = 0, -4*b + 166 = 10*x - 15*x. What is the remainder when 89 is divided by b?
1
Suppose 4*c = -6*c + 30. Suppose 0 = -4*r - 16, 5*p - p - 5*r = 128. What is the remainder when p is divided by 19 + (4 - 24/c)?
12
Let j = -457 - -662. What is the remainder when j is divided by 52?
49
Let r = -34 + 73. Calculate the remainder when r is divided by 11.
6
Let x(n) = -n**2 - 8*n + 27. What is the remainder when 93 is divided by x(-7)?
25
Suppose -3*t - 8*t = 770. Let l = t + 171. Calculate the remainder when l is divided by 26.
23
Suppose 2*l = -4*z + 94, 0 = 3*z + z + 3*l - 99. Calculate the remainder when z is divided by 1.
0
Let k(o) = 11*o - 3. Let p(m) = m**2 + 17*m - 55. What is the remainder when k(5) is divided by p(-21)?
23
Let r = -443 + 533. Calculate the remainder when 285 is divided by r.
15
Let u = -191 + -6. Let a = -98 - u. Let b(j) = 3*j + 4. What is the remainder when a is divided by b(7)?
24
Suppose 476 - 68 = 4*q. Suppose c + 21 - q = 0. Suppose 2*k + 3*k - c = 4*v, 4*k + v - 69 = 0. Calculate the remainder when 31 is divided by k.
14
Suppose r - 3*m = -2 + 4, 2*r = m - 1. Let c(k) = 99*k. Let w(d) = -197*d - 1. Let n(f) = 5*c(f) + 3*w(f). Calculate the remainder when n(r) is divided by 32.
29
Let o(p) be the second derivative of -p**4/12 - 17*p**3/6 - 11*p**2 + 5*p. Let z be o(-16). Calculate the remainder when 44 is divided by z/4*(0 - 6).
8
Let v(s) = 63*s**2 + 4*s + 6. Let m(u) = 42*u**2 + 3*u + 4. Let a(n) = -7*m(n) + 5*v(n). What is the remainder when a(1) is divided by (-14)/(-28)*6*4?
10
Let r be 1/3 + 12/(-36). Suppose r = -5*d - 20, -5*a + 40 - 8 = -3*d. What is the remainder when 12 is divided by a?
0
Suppose 50 = x + 3*k, 0*x - k = 2*x - 95. What is the remainder when x is divided by ((-16)/12)/(3/(-27))?
11
Suppose 2*l - r - 105 = 0, 3*r = -5*l + 2*l + 171. Let z = -11 - -25. What is the remainder when l is divided by z?
12
Let g(u) = -9 - 3*u + 9*u - 4*u. Calculate the remainder when g(13) is divided by 9.
8
Let v(r) = r**3 + 5*r**2 - 7*r - 6. Let i be v(-6). Suppose i*d = 4*d - 48. What is the remainder when 46 is divided by d?
10
Suppose 0 = -3*a, 5*n - 3*n - 2 = -5*a. Let f(o) = 58*o**3 - o. Calculate the remainder when f(n) is divided by 12.
9
Let z = -92 - -135. Let b = 4419 - 4408. Calculate the remainder when z is divided by b.
10
Suppose 3*y = -m + 3, 13 = 5*y - 3*m - 6. Let w be (3 + -2)/(y/(-4)). What is the remainder when (30/(-35))/(w/7) is divided by 2?
1
Let o = 19 + -10. Let s(m) = m**2 + 3*m - 3. Let k be s(-5). Suppose -5*a + 20 = -k*v + 5*v, 0 = -5*a - v + 20. What is the remainder when o is divided by a?
1
Suppose -v - 8*v + 18 = 0. Suppose r - v*h + 3*h = 6, -5*r + 34 = h. Calculate the remainder when 18 is divided by r.
4
Suppose 4*h = -4*l + 120, 2*l + 6*h = 8*h + 40. What is the remainder when 219 is divided by l?
19
Suppose -r + 3 = -2*r. Let d be 0 + -1*r/(-1). Calculate the remainder when 45 is divided by -1*((-76)/4 - d).
13
Let p(x) = x**3 - 7*x**2 - 2*x + 12. Let v be p(7). Let d be ((-6)/v - 3) + 0. Suppose -4*k + d*k + 24 = 0. Calculate the remainder when k is divided by 4.
2
Suppose 7 = -5*p + 97. Let u be p*14/4 + -1. Suppose -45 = -4*b - 3*w, -3*b - 7 = -2*w - u. Calculate the remainder when 57 is divided by b.
12
Suppose 4675 + 578 = 103*o. Calculate the remainder when 600 is divided by o.
39
Let v be (54/(-15) - (-2 - -5))*-5. Suppose -3*i + 96 = -v. Calculate the remainder when 127 is divided by i.
41
Suppose 4*n + 4*w + 0*w = 132, -2*w = -n + 21. What is the remainder when 81 is divided by n?
23
Suppose -2*z = -7*z + 5*u + 35, -21 = 2*z + 5*u. Suppose 0 = -f + z*f + 1, 0 = j + 2*f. Let r = 5 + -1. Calculate the remainder when r is divided by j.
0
Suppose 23*w = 20*w - 5*q + 85, -101 = -3*w - q. Calculate the remainder when 271 is divided by w.
26
Calculate the remainder when 101 is divided by 3 + (13 - (15 - 7)).
5
Let x = -35 - -37. Suppose -x*c - 14 = -u, -6*u + u + 10 = 5*c. Calculate the remainder when 21 is divided by u.
3
Suppose -4*t = -5*j + 380, 5*t - 147 = -2*j - 28. Suppose -6*p + j = -0*p. Let w = p + 13. What is the remainder when 72 is divided by w?
22
Let m = -176 - -511. What is the remainder when m is divided by 84?
83
Let w(h) = 8*h**3 + 2*h**2 + h - 1. Let k be w(1). Let x = k + 19. What is the remainder when 73 is divided by x?
15
Let u = -27 - -27. Suppose 0 = 4*h + 4, 3*j = -u*j - h + 23. What is the remainder when 38 is divided by j?
6
Let q = 37 - 20. Let y = q - -4. Suppose 4*d + 22 - 266 = 0. Calculate the remainder when d is divided by y.
19
Calculate the remainder when 434/18 - (-5 - 322/(-63)) is divided by 7.
3
Let c(i) = -2*i**2 + 29*i - 55. What is the remainder when 703 is divided by c(11)?
21
Let v = -296 + 314. Calculate the remainder when 48 is divided by v.
12
Let w(m) = 2*m**2 - 8*m - 3. Suppose 3*y + 5*k - 40 = 0, -6*y = -3*y + 4*k - 35. Calculate the remainder when w(6) is divided by y.
1
Suppose 2*j + j = p - 3, 49 = 3*p + j. Let l be 18/22 - 36/(-198). Let f(i) = 7*i - 2. Calculate the remainder when p is divided by f(l).
0
Suppose 37*t = 39*t - 10. What is the remainder when 32 - (-4 + 9)/t is divided by 9?
4
Let r = 21 - -101. Let x = r + -70. Calculate the remainder when x is divided by 11.
8
Suppose 10*i - 9*i - 22 = -5*f, -5*i + 84 = -f. Calculate the remainder when i is divided by 4.
1
Let v(k) be the third derivative of k**5/60 + 3*k**4/8 - k**3 + 38*k**2. Calculate the remainder when 179 is divided by v(-12).
29
Let f be (-1 + 12/9)*-9. What is the remainder when (-694)/(-12) - f/18 is divided by (-12)/(-16) - 57/(-4)?
13
What is the remainder when 335 is divided by 1/(-6) + (-316)/(-24)?
10
Let g(f) = 5*f**2 + 2*f + 1. Suppose 3*u - 9 = 5*z, 2*z + 2*z + 12 = 0. What is the remainder when g(u) is divided by 6?
5
Calculate the remainder when 771/10 - (-8)/(-80) is divided by 41.
36
Suppose -185*m = -183*m - 1340. Calculate the remainder when m is divided by 28.
26
Let q = -467 + 605. Calculate the remainder when q is divided by 36.
30
Suppose 2*h + 3*h + 47 = 4*p, -3*h + 23 = 4*p. What is the remainder when 27 is divided by p?
3
Let u(p) = 5*p**2 - 2*p + 1. Let t be u(1). Suppose m = 1 + t. Suppose -28 = -m*f + 37. Calculate the remainder when f is divided by 4.
1
Suppose 7*v - 435 = 2*v. Let r = v - 40. What is the remainder when r is divided by 13?
8
Let r = -115 + 115. Suppose -3*o + 32 - 8 = r. Calculate the remainder when 38 is divided by o.
6
Let w(u) = u**2 + 12*u - 51. Let x = -24 + 8. Calculate the remainder when w(x) is divided by 11.
2
Suppose 0 = 2*l - 2*h + 40, -l + h = 4*h + 40. Let z = l + 28. Calculate the remainder when 7 is divided by z.
1
Let v(p) = -p**2 - 8*p + 10. Let r = -626 - -659. Calculate the remainder when r is divided by v(-7).
16
Let v(k) = 4*k**3 - 2*k**2 - 3*k + 6 - 6 - 2*k**3 - 2. Suppose -2*i + 11 = -0*i - t, -5*i + 10 = t. Calculate the remainder when 73 is divided by v(i).
23
Let r(d) = -d**3 + 15*d**2 - 14*d + 18. Let p = 14 + 0. Calculate the remainder when r(p) is divided by 11.
7
Let w(r) = 7*r - 2. Let o be w(2). Let k = 15 - o. What is the remainder when 7 is divided by k?
1
Let c be 1/(8/2 - 3). Let j(f) be the first derivative of 11*f**2/2 - 2*f - 12. What is the remainder when 34 is divided by j(c)?
7
Let r(u) = u**3 + 14*u**2 + 11*